2 a multiple of 24?
True
Is 21 a factor of 7875?
True
Does 211 divide 3288?
False
Is 2134 a multiple of 5?
False
Is 15 a factor of 182279?
False
Is 649 a multiple of 22?
False
Is 17 a factor of 2737?
True
Does 9 divide 14448?
False
Does 22 divide 8558?
True
Does 232 divide 25520?
True
Is 5 a factor of 2265?
True
Is 5227 a multiple of 7?
False
Is 47 a factor of 141?
True
Is 5936 a multiple of 7?
True
Does 62 divide 6076?
True
Is 7 a factor of 1296?
False
Is 56 a multiple of 16?
False
Is 91848 a multiple of 13?
False
Is 28632 a multiple of 12?
True
Does 66 divide 4215?
False
Does 10 divide 50982?
False
Does 12 divide 151?
False
Is 463 a multiple of 10?
False
Does 10 divide 36350?
True
Is 5296 a multiple of 16?
True
Is 640 a multiple of 11?
False
Is 10 a factor of 1628?
False
Is 9448 a multiple of 10?
False
Is 1547 a multiple of 16?
False
Does 17 divide 5108?
False
Is 1308 a multiple of 12?
True
Does 72 divide 1535?
False
Is 6063 a multiple of 43?
True
Does 58 divide 4426?
False
Is 14805 a multiple of 105?
True
Is 2380 a multiple of 5?
True
Does 21 divide 1134?
True
Is 2821 a multiple of 36?
False
Is 9360 a multiple of 36?
True
Is 25 a factor of 21257?
False
Is 29 a factor of 2685?
False
Is 16 a factor of 75840?
True
Does 3 divide 19665?
True
Is 4377 a multiple of 50?
False
Is 96 a multiple of 3?
True
Is 345 a multiple of 23?
True
Does 2 divide 783?
False
Is 753 a multiple of 68?
False
Is 42 a factor of 1188?
False
Does 5 divide 123?
False
Is 97266 a multiple of 129?
True
Is 209 a multiple of 19?
True
Is 7 a factor of 479?
False
Does 16 divide 464?
True
Does 10 divide 366?
False
Does 9 divide 4284?
True
Is 1317 a multiple of 39?
False
Is 50 a factor of 317?
False
Is 19 a factor of 15523?
True
Does 11 divide 3114?
False
Is 12190 a multiple of 23?
True
Does 52 divide 4056?
True
Does 8 divide 1426?
False
Is 195 a multiple of 9?
False
Is 11 a factor of 259?
False
Is 101 a multiple of 29?
False
Is 192 a multiple of 5?
False
Is 51 a factor of 8568?
True
Is 27 a factor of 3656?
False
Is 2014 a multiple of 19?
True
Is 7 a factor of 32977?
True
Is 315 a factor of 31815?
True
Is 61 a factor of 1830?
True
Is 224 a multiple of 8?
True
Is 63 a factor of 1575?
True
Is 98 a factor of 3638?
False
Is 236 a factor of 47672?
True
Is 1360 even?
True
Is 2160 a multiple of 13?
False
Is 5 a factor of 75?
True
Is 141 a factor of 9239?
False
Is 24 a factor of 72360?
True
Is 6390 a multiple of 15?
True
Is 11 a factor of 63987?
True
Does 11 divide 463?
False
Does 154 divide 13302?
False
Is 47 a factor of 226?
False
Does 5 divide 610?
True
Is 3634 a multiple of 46?
True
Is 27 a factor of 21264?
False
Is 11 a factor of 141?
False
Is 40 a factor of 470?
False
Does 4 divide 293?
False
Is 30 a factor of 2040?
True
Is 131 a factor of 3121?
False
Is 97 a factor of 21841?
False
Is 5368 a multiple of 122?
True
Is 33 a factor of 1056?
True
Does 27 divide 656?
False
Is 468 a multiple of 23?
False
Is 16 a factor of 14160?
True
Does 31 divide 48475?
False
Is 11590 a multiple of 61?
True
Is 59 a factor of 23069?
True
Is 196 a multiple of 49?
True
Is 2208 a multiple of 111?
False
Is 209 a factor of 41855?
False
Is 5 a factor of 245?
True
Is 605 a multiple of 20?
False
Is 39600 a multiple of 88?
True
Is 1963 a multiple of 13?
True
Does 75 divide 450?
True
Does 29 divide 667?
True
Is 42322 a multiple of 23?
False
Is 25 a factor of 648?
False
Is 111 a multiple of 11?
False
Does 13 divide 12858?
False
Is 50544 a multiple of 26?
True
Is 156 a factor of 25584?
True
Is 3 a factor of 2895?
True
Is 3596 a multiple of 30?
False
Does 67 divide 1206?
True
Is 816 a multiple of 17?
True
Is 33 a factor of 11455?
False
Does 35 divide 175?
True
Is 28 a factor of 406?
False
Is 113 a factor of 32169?
False
Does 35 divide 6701?
False
Does 197 divide 61914?
False
Does 39 divide 8112?
True
Does 11 divide 1696?
False
Is 460 a multiple of 92?
True
Is 5452 a multiple of 15?
False
Does 24 divide 504?
True
Does 43 divide 774?
True
Is 196 a factor of 17872?
False
Is 129 a factor of 37925?
False
Is 17696 a multiple of 79?
True
Is 52 a multiple of 2?
True
Does 14 divide 1302?
True
Is 34716 a multiple of 353?
False
Does 104 divide 2091?
False
Is 9990 a multiple of 30?
True
Is 6551 a multiple of 10?
False
Does 4 divide 108?
True
Is 2321 a multiple of 18?
False
Is 571 a multiple of 10?
False
Is 4004 a multiple of 7?
True
Is 1078 a multiple of 15?
False
Is 116 a factor of 38512?
True
Is 183 a factor of 4941?
True
Is 4340 a multiple of 14?
True
Does 7 divide 13216?
True
Does 16 divide 82400?
True
Does 60 divide 36540?
True
Is 1498 a multiple of 7?
True
Does 12 divide 101426?
False
Is 11 a factor of 421?
False
Is 5 a factor of 650?
True
Is 8 a factor of 720?
True
Is 32993 a multiple of 71?
False
Does 7 divide 789?
False
Does 49 divide 7154?
True
Does 62 divide 15252?
True
Is 4 a factor of 31?
False
Does 14 divide 6013?
False
Does 84 divide 9379?
False
Does 229 divide 77402?
True
Is 15470 a multiple of 17?
True
Is 18 a factor of 1378?
False
Is 11 a factor of 126474?
False
Does 14 divide 6258?
True
Is 1160 a multiple of 20?
True
Is 15 a factor of 4522?
False
Is 8 a factor of 3423?
False
Is 320 a multiple of 2?
True
Is 19 a factor of 1764?
False
Is 3256 a multiple of 88?
True
Is 41327 a multiple of 143?
True
Does 14 divide 714?
True
Does 113 divide 2152?
False
Is 78 a factor of 5850?
True
Does 6 divide 8912?
False
Does 63 divide 1253?
False
Does 60 divide 132?
False
Is 43 a factor of 17290?
False
Is 2229 a multiple of 25?
False
Is 159 a multiple of 6?
False
Does 23 divide 460?
True
Is 20 a factor of 7140?
True
Is 20 a factor of 1180?
True
Is 13 a factor of 5099?
False
Is 23 a factor of 70?
False
Does 29 divide 395?
False
Is 30 a factor of 458?
False
Is 34151 a multiple of 80?
False
Is 1814 a multiple of 29?
False
Is 240 a multiple of 2?
True
Is 714 a multiple of 21?
True
Is 76868 a multiple of 16?
False
Does 9 divide 37930?
False
Is 144 a multiple of 9?
True
Is 442 a multiple of 91?
False
Does 43 divide 3787?
False
Is 11 a factor of 10230?
True
Is 1792 a multiple of 24?
False
Does 8 divide 360?
True
Does 17 divide 782?
True
Is 19 a factor of 777?
False
Does 5 divide 1824?
False
Is 1782 a multiple of 22?
True
Does 11 divide 296?
False
Does 4 divide 9036?
True
Is 104 a factor of 5855?
False
Does 16 divide 902?
False
Is 545 a multiple of 7?
False
Is 1864 a multiple of 3?
False
Does 145 divide 5007?
False
Does 32 divide 104064?
True
Is 3908 a multiple of 71?
False
Does 28 divide 4788?
True
Is 3900 a multiple of 43?
False
Is 13 a factor of 1913?
False
Is 16 a factor of 5259?
False
Is 968 a multiple of 8?
True
Does 51 divide 14076?
True
Does 3 divide 36?
True
Is 59 a factor of 39058?
True
Is 51 a factor of 1170?
False
Is 3639 a multiple of 22?
False
Does 14 divide 728?
True
Does 5 divide 13935?
True
Does 14 divide 2926?
True
Is 152 a multiple of 5?
False
Is 3 a factor of 6250?
False
Does 37 divide 5587?
True
Is 4472 a multiple of 8?
True
Does 14 divide 237?
False
Does 100 divide 2000?
True
Is 81 a factor of 877?
False
Is 2430 a multiple of 90?
True
Is 43 a factor of 860?
True
Is 24831 a multiple of 15?
False
Does 6 divide 10830?
True
Is 159 a multiple of 30?
False
Is 188 a multiple of 12?
False
Is 670 a multiple of 9?
False
Is 12 a factor of 10296?
True
Does 14 divide 5152?
True
Does 17 divide 5712?
True
Does 9 divide 5238?
True
Is 3261 a multiple of 46?
False
Is 13 a factor of 455?
True
Is 15 a factor of 14747?
False
Does 99 divide 15148?
False
Is 45167 a multiple of 25?
False
Is 60 a factor of 6088?
False
Does 57 divide 342?
True
Does 2 divide 65?
False
Is 13 a factor of 429?
True
Does 11 divide 2585?
True
Is 910 a multiple of 10?
True
Does 15 divide 30?
True
Is 3594 a multiple of 12?
False
Is 13 a factor of 1408?
False
Is 34 a factor of 476?
True
Is 1970 a multiple of 16?
False
Does 122 divide 6807?
False
Is 58 a factor of 2630?
False
Does 38 divide 848?
False
Does 35 divide 245?
True
Is 1485 a multiple of 33?
True
Is 2412 a multiple of 134?
True
Is 98 a factor of 32459?
False
Is 2300 a multiple of 115?
True
Is 529 a multiple of 23?
True
Is 294 a multiple of 42?
True
Is 22400 a multiple of 200?
True
Does 28 divide 586?
False
Is 9 a factor of 1179?
True
Is 4 a factor of 5668?
True
Is 1302 a multiple of 31?
True
Does 87 divid